{"id":2,"date":"2016-05-10T03:48:21","date_gmt":"2016-05-10T03:48:21","guid":{"rendered":"https:\/\/www.ralf-krenzke.de\/brauen-mit-den-gruenen\/?page_id=2"},"modified":"2022-02-20T18:45:50","modified_gmt":"2022-02-20T17:45:50","slug":"sample-page","status":"publish","type":"page","link":"https:\/\/www.ralf-krenzke.de\/brauen-mit-den-gruenen\/","title":{"rendered":"Allgemeines"},"content":{"rendered":"<p>Sie wollten schon immer\u00a0etwas mehr \u00fcber Bier erfahren und\u00a0auch ihr eigenes Bier brauen? Dann melden Sie sich doch einfach zu unserem Event im <a href=\"https:\/\/www.ralf-krenzke.de\/brauen-mit-den-gruenen\/anfahrt\/\">Wersauer Hof in Reilingen<\/a> am 20.04.2018 um 18:00 Uhr an:<\/p>\n<p style=\"text-align: center;\"><em><strong>&#8222;Brauen mit den Gr\u00fcnen aus St. Leon-Rot&#8220;<\/strong><\/em><\/p>\n<p><img loading=\"lazy\" decoding=\"async\" class=\"size-medium wp-image-115 aligncenter\" src=\"https:\/\/www.ralf-krenzke.de\/brauen-mit-den-gruenen\/wp-content\/uploads\/2018\/02\/Braukeller_Wersauer_Hof-300x224.jpg\" alt=\"\" width=\"300\" height=\"224\" srcset=\"https:\/\/www.ralf-krenzke.de\/brauen-mit-den-gruenen\/wp-content\/uploads\/2018\/02\/Braukeller_Wersauer_Hof-300x224.jpg 300w, https:\/\/www.ralf-krenzke.de\/brauen-mit-den-gruenen\/wp-content\/uploads\/2018\/02\/Braukeller_Wersauer_Hof.jpg 479w\" sizes=\"auto, (max-width: 300px) 100vw, 300px\" \/><\/p>\n<p>Sie k\u00f6nnen an diesem Abend\u00a0die\u00a0<a href=\"https:\/\/www.ralf-krenzke.de\/brauen-mit-den-gruenen\/wir-ueber-uns\/\">Gr\u00fcnen aus\u00a0 St. Leon-Rot<\/a> kennenlernen, Sie erhalten einige\u00a0Informationen\u00a0rund ums Bier und ums Brauen sowie eine Anleitung zum Bierbrauen bei gleichzeitigem\u00a0Umsetzen des Gelernten in\u00a0die Praxis. Au\u00dferdem erwartet Sie gutes Essen und Trinken an einem\u00a0sch\u00f6nen Abend mit netten Menschen!<\/p>\n<p>Die Veranstaltung ist mit Ausnahme der von Ihnen konsumierten Speisen und Getr\u00e4nke kostenfrei. Anmeldungen aus St. Leon-Rot werden bevorzugt.<\/p>\n<p>Interesse? Dann sind Sie von der <a href=\"https:\/\/www.ralf-krenzke.de\/brauen-mit-den-gruenen\/anmeldung\/\">Anmeldung<\/a> nur noch einen Klick entfernt!<\/p>\n<p>Wenn Sie mehr \u00fcber die Gr\u00fcnen in St. Leon-Rot erfahren m\u00f6chten, schauen Sie doch einmal auf\u00a0unserer offiziellen Homepage vorbei:<\/p>\n<p><a href=\"http:\/\/www.gruene-slr.de\/\" target=\"_blank\" rel=\"noopener\"><img loading=\"lazy\" decoding=\"async\" class=\"aligncenter wp-image-6 size-large\" src=\"https:\/\/www.ralf-krenzke.de\/brauen-mit-den-gruenen\/wp-content\/uploads\/2018\/02\/Gr\u00fcnen_Logo-1024x217.png\" alt=\"\" width=\"525\" height=\"111\" srcset=\"https:\/\/www.ralf-krenzke.de\/brauen-mit-den-gruenen\/wp-content\/uploads\/2018\/02\/Gr\u00fcnen_Logo-1024x217.png 1024w, https:\/\/www.ralf-krenzke.de\/brauen-mit-den-gruenen\/wp-content\/uploads\/2018\/02\/Gr\u00fcnen_Logo-300x64.png 300w, https:\/\/www.ralf-krenzke.de\/brauen-mit-den-gruenen\/wp-content\/uploads\/2018\/02\/Gr\u00fcnen_Logo-768x163.png 768w, https:\/\/www.ralf-krenzke.de\/brauen-mit-den-gruenen\/wp-content\/uploads\/2018\/02\/Gr\u00fcnen_Logo.png 1400w\" sizes=\"auto, (max-width: 525px) 100vw, 525px\" \/><\/a><\/p>\n","protected":false},"excerpt":{"rendered":"<p>Sie wollten schon immer\u00a0etwas mehr \u00fcber Bier erfahren und\u00a0auch ihr eigenes Bier brauen? Dann melden Sie sich doch einfach zu unserem Event im Wersauer Hof in Reilingen am 20.04.2018 um 18:00 Uhr an: &#8222;Brauen mit den Gr\u00fcnen aus St. Leon-Rot&#8220; Sie k\u00f6nnen an diesem Abend\u00a0die\u00a0Gr\u00fcnen aus\u00a0 St. Leon-Rot kennenlernen, Sie erhalten einige\u00a0Informationen\u00a0rund ums Bier und &hellip; <\/p>\n<p class=\"link-more\"><a href=\"https:\/\/www.ralf-krenzke.de\/brauen-mit-den-gruenen\/\" class=\"more-link\"><span class=\"screen-reader-text\">\u201eAllgemeines\u201c <\/span>weiterlesen<\/a><\/p>\n","protected":false},"author":1,"featured_media":0,"parent":0,"menu_order":0,"comment_status":"closed","ping_status":"open","template":"","meta":{"footnotes":""},"class_list":["post-2","page","type-page","status-publish","hentry"],"_links":{"self":[{"href":"https:\/\/www.ralf-krenzke.de\/brauen-mit-den-gruenen\/wp-json\/wp\/v2\/pages\/2","targetHints":{"allow":["GET"]}}],"collection":[{"href":"https:\/\/www.ralf-krenzke.de\/brauen-mit-den-gruenen\/wp-json\/wp\/v2\/pages"}],"about":[{"href":"https:\/\/www.ralf-krenzke.de\/brauen-mit-den-gruenen\/wp-json\/wp\/v2\/types\/page"}],"author":[{"embeddable":true,"href":"https:\/\/www.ralf-krenzke.de\/brauen-mit-den-gruenen\/wp-json\/wp\/v2\/users\/1"}],"replies":[{"embeddable":true,"href":"https:\/\/www.ralf-krenzke.de\/brauen-mit-den-gruenen\/wp-json\/wp\/v2\/comments?post=2"}],"version-history":[{"count":35,"href":"https:\/\/www.ralf-krenzke.de\/brauen-mit-den-gruenen\/wp-json\/wp\/v2\/pages\/2\/revisions"}],"predecessor-version":[{"id":217,"href":"https:\/\/www.ralf-krenzke.de\/brauen-mit-den-gruenen\/wp-json\/wp\/v2\/pages\/2\/revisions\/217"}],"wp:attachment":[{"href":"https:\/\/www.ralf-krenzke.de\/brauen-mit-den-gruenen\/wp-json\/wp\/v2\/media?parent=2"}],"curies":[{"name":"wp","href":"https:\/\/api.w.org\/{rel}","templated":true}]}}