{"id":56,"date":"2018-02-25T16:20:57","date_gmt":"2018-02-25T15:20:57","guid":{"rendered":"https:\/\/www.ralf-krenzke.de\/brauen-mit-den-gruenen\/?page_id=56"},"modified":"2018-04-16T21:01:29","modified_gmt":"2018-04-16T20:01:29","slug":"anmeldung","status":"publish","type":"page","link":"https:\/\/www.ralf-krenzke.de\/brauen-mit-den-gruenen\/anmeldung\/","title":{"rendered":"Anmeldung zum Bierbrauen am 20.04.2018 im Wersauer Hof"},"content":{"rendered":"<p>Bitte benutzen Sie das unten stehende Formular, um sich\u00a0zum Bierbrau-Event mit den Gr\u00fcnen aus St. Leon-Rot am 20.04.2018 um 18:00 Uhr im <a href=\"https:\/\/www.ralf-krenzke.de\/brauen-mit-den-gruenen\/anfahrt\/\">Wersauer Hof, Reilingen<\/a> anzumelden.<\/p>\n<p>Leider m\u00fcssen wir die Anzahl der Teilnehmer aus Platzgr\u00fcnden\u00a0begrenzen. Die Anmeldungen werden in der Reihenfolge ihres Eingangs ber\u00fccksichtigt. Ihre E-Mail Adresse wird ausschlie\u00dflich zur Planung des Events verwendet, z.B. um Ihnen eine Zu- oder Absage senden zu k\u00f6nnen oder Sie bei kurzfristigen \u00c4nderungen zu informieren.<\/p>\n<p>Sollten Sie sich angemeldet haben, aber leider doch nicht teilnehmen k\u00f6nnen, melden Sie sich bitte \u00fcber den folgenden <a href=\"https:\/\/www.ralf-krenzke.de\/brauen-mit-den-gruenen\/?page_id=25\">Link<\/a> ab, damit andere Interessenten nachr\u00fccken k\u00f6nnen.<\/p>\n\n<div class=\"wpcf7 no-js\" id=\"wpcf7-f18-o1\" lang=\"de-DE\" dir=\"ltr\" data-wpcf7-id=\"18\">\n<div class=\"screen-reader-response\"><p role=\"status\" aria-live=\"polite\" aria-atomic=\"true\"><\/p> <ul><\/ul><\/div>\n<form action=\"\/brauen-mit-den-gruenen\/wp-json\/wp\/v2\/pages\/56#wpcf7-f18-o1\" method=\"post\" class=\"wpcf7-form init\" aria-label=\"Kontaktformular\" novalidate=\"novalidate\" data-status=\"init\">\n<fieldset class=\"hidden-fields-container\"><input type=\"hidden\" name=\"_wpcf7\" value=\"18\" \/><input type=\"hidden\" name=\"_wpcf7_version\" value=\"6.1.4\" \/><input type=\"hidden\" name=\"_wpcf7_locale\" value=\"de_DE\" \/><input type=\"hidden\" name=\"_wpcf7_unit_tag\" value=\"wpcf7-f18-o1\" \/><input type=\"hidden\" name=\"_wpcf7_container_post\" value=\"0\" \/><input type=\"hidden\" name=\"_wpcf7_posted_data_hash\" value=\"\" \/><input type=\"hidden\" name=\"_wpcf7_recaptcha_response\" value=\"\" \/>\n<\/fieldset>\n<p><label> Ihr Name (Pflichtfeld)<br \/>\n<span class=\"wpcf7-form-control-wrap\" data-name=\"your-name\"><input size=\"40\" maxlength=\"400\" class=\"wpcf7-form-control wpcf7-text wpcf7-validates-as-required\" aria-required=\"true\" aria-invalid=\"false\" value=\"\" type=\"text\" name=\"your-name\" \/><\/span> <\/label>\n<\/p>\n<p><label> Ihr Wohnort (Pflichtfeld)<br \/>\n<span class=\"wpcf7-form-control-wrap\" data-name=\"ort\"><input size=\"40\" maxlength=\"400\" class=\"wpcf7-form-control wpcf7-text wpcf7-validates-as-required\" aria-required=\"true\" aria-invalid=\"false\" value=\"\" type=\"text\" name=\"ort\" \/><\/span> <\/label>\n<\/p>\n<p><label> Ihre E-Mail-Adresse (Pflichtfeld)<br \/>\n<span class=\"wpcf7-form-control-wrap\" data-name=\"your-email\"><input size=\"40\" maxlength=\"400\" class=\"wpcf7-form-control wpcf7-email wpcf7-validates-as-required wpcf7-text wpcf7-validates-as-email\" aria-required=\"true\" aria-invalid=\"false\" value=\"\" type=\"email\" name=\"your-email\" \/><\/span> <\/label>\n<\/p>\n<p><label> Anzahl Personen - max. 2 pro Anmeldung (Pflichtfeld)<br \/>\n<span class=\"wpcf7-form-control-wrap\" data-name=\"number-974\"><input class=\"wpcf7-form-control wpcf7-number wpcf7-validates-as-required wpcf7-validates-as-number\" aria-required=\"true\" aria-invalid=\"false\" value=\"\" type=\"number\" name=\"number-974\" \/><\/span> <\/label>\n<\/p>\n<p><label> M\u00f6chten Sie uns noch etwas mitteilen ...<br \/>\n<span class=\"wpcf7-form-control-wrap\" data-name=\"your-message\"><textarea cols=\"40\" rows=\"10\" maxlength=\"2000\" class=\"wpcf7-form-control wpcf7-textarea\" aria-invalid=\"false\" name=\"your-message\"><\/textarea><\/span> <\/label>\n<\/p>\n<p><span class=\"wpcf7-form-control-wrap\" data-name=\"datenschutz\"><span class=\"wpcf7-form-control wpcf7-checkbox wpcf7-validates-as-required\"><span class=\"wpcf7-list-item first last\"><input type=\"checkbox\" name=\"datenschutz[]\" value=\"Ich habe die Datenschutzerkl\u00e4rung zur Kenntnis genommen\" \/><span class=\"wpcf7-list-item-label\">Ich habe die Datenschutzerkl\u00e4rung zur Kenntnis genommen<\/span><\/span><\/span><\/span><br \/>\n\n<\/p>\n<p><input class=\"wpcf7-form-control wpcf7-submit has-spinner\" type=\"submit\" value=\"Senden\" \/>\n<\/p><div class=\"wpcf7-response-output\" aria-hidden=\"true\"><\/div>\n<\/form>\n<\/div>\n\n","protected":false},"excerpt":{"rendered":"<p>Bitte benutzen Sie das unten stehende Formular, um sich\u00a0zum Bierbrau-Event mit den Gr\u00fcnen aus St. Leon-Rot am 20.04.2018 um 18:00 Uhr im Wersauer Hof, Reilingen anzumelden. Leider m\u00fcssen wir die Anzahl der Teilnehmer aus Platzgr\u00fcnden\u00a0begrenzen. Die Anmeldungen werden in der Reihenfolge ihres Eingangs ber\u00fccksichtigt. Ihre E-Mail Adresse wird ausschlie\u00dflich zur Planung des Events verwendet, z.B. &hellip; <\/p>\n<p class=\"link-more\"><a href=\"https:\/\/www.ralf-krenzke.de\/brauen-mit-den-gruenen\/anmeldung\/\" class=\"more-link\"><span class=\"screen-reader-text\">\u201eAnmeldung zum Bierbrauen am 20.04.2018 im Wersauer Hof\u201c <\/span>weiterlesen<\/a><\/p>\n","protected":false},"author":1,"featured_media":0,"parent":0,"menu_order":0,"comment_status":"closed","ping_status":"closed","template":"","meta":{"footnotes":""},"class_list":["post-56","page","type-page","status-publish","hentry"],"_links":{"self":[{"href":"https:\/\/www.ralf-krenzke.de\/brauen-mit-den-gruenen\/wp-json\/wp\/v2\/pages\/56","targetHints":{"allow":["GET"]}}],"collection":[{"href":"https:\/\/www.ralf-krenzke.de\/brauen-mit-den-gruenen\/wp-json\/wp\/v2\/pages"}],"about":[{"href":"https:\/\/www.ralf-krenzke.de\/brauen-mit-den-gruenen\/wp-json\/wp\/v2\/types\/page"}],"author":[{"embeddable":true,"href":"https:\/\/www.ralf-krenzke.de\/brauen-mit-den-gruenen\/wp-json\/wp\/v2\/users\/1"}],"replies":[{"embeddable":true,"href":"https:\/\/www.ralf-krenzke.de\/brauen-mit-den-gruenen\/wp-json\/wp\/v2\/comments?post=56"}],"version-history":[{"count":10,"href":"https:\/\/www.ralf-krenzke.de\/brauen-mit-den-gruenen\/wp-json\/wp\/v2\/pages\/56\/revisions"}],"predecessor-version":[{"id":175,"href":"https:\/\/www.ralf-krenzke.de\/brauen-mit-den-gruenen\/wp-json\/wp\/v2\/pages\/56\/revisions\/175"}],"wp:attachment":[{"href":"https:\/\/www.ralf-krenzke.de\/brauen-mit-den-gruenen\/wp-json\/wp\/v2\/media?parent=56"}],"curies":[{"name":"wp","href":"https:\/\/api.w.org\/{rel}","templated":true}]}}