{"id":174,"date":"2016-09-05T10:40:42","date_gmt":"2016-09-05T10:40:42","guid":{"rendered":"https:\/\/www.ralf-krenzke.de\/galerie-marina\/?page_id=174"},"modified":"2018-08-10T23:33:26","modified_gmt":"2018-08-10T23:33:26","slug":"datenschutzerklaerung","status":"publish","type":"page","link":"https:\/\/www.ralf-krenzke.de\/galerie-marina\/datenschutzerklaerung\/","title":{"rendered":"Datenschutzerkl\u00e4rung"},"content":{"rendered":"<p>&nbsp;<\/p>\n<p><strong>Datenschutz<\/strong><\/p>\n<p align=\"LEFT\">Der Schutz Ihrer pers\u00f6nlichen Daten ist uns ein besonderes Anliegen. Wir verarbeiten Ihre Daten daher ausschlie\u00dflich auf Grundlage der gesetzlichen Bestimmungen (DSGVO, TMG).<\/p>\n<p>Die Nutzung unserer Webseite ist in der Regel ohne Angabe personenbezogener Daten m\u00f6glich. Soweit auf unseren Seiten personenbezogene Daten (beispielsweise Name, Anschrift oder E-Mail-Adressen) erhoben werden, erfolgt dies, soweit m\u00f6glich, stets auf freiwilliger Basis. Diese Daten werden ohne Ihre ausdr\u00fcckliche Zustimmung nicht an Dritte weitergegeben.<\/p>\n<p>In diesen Datenschutzinformationen informieren wir Sie \u00fcber die wichtigsten Aspekte der Datenverarbeitung im Rahmen unserer Website.<\/p>\n<p><b><br \/>\nSSL-Verschl\u00fcsselung <\/b><\/p>\n<p>Um Ihre \u00fcbermittelten Daten bestm\u00f6glich zu sch\u00fctzen nutzen die Websitebetreiber eine SSL-Verschl\u00fcsselung. Sie erkennen derart verschl\u00fcsselte Verbindungen an dem Pr\u00e4fix &#8222;https:\/\/&#8220; im Seitenlink in der Adresszeile Ihres Browsers. Unverschl\u00fcsselte Seite sind durch \u201ehttp:\/\/&#8220; gekennzeichnet.<\/p>\n<p>S\u00e4mtliche Daten, welche Sie an diese Website \u00fcbermitteln k\u00f6nnen dank SSL-Verschl\u00fcsselung nicht von Dritten gelesen werden.<\/p>\n<p><strong><br \/>\nServer-Log-Files<\/strong><\/p>\n<p>Der Provider der Seiten erhebt und speichert automatisch Informationen in so genannten Server-Log Files, die Ihr Browser automatisch an uns \u00fcbermittelt. Dies sind:<\/p>\n<ul>\n<li>Browsertyp\/ Browserversion<\/li>\n<li>verwendetes Betriebssystem<\/li>\n<li>Referrer URL<\/li>\n<li>Hostname des zugreifenden Rechners<\/li>\n<li>Uhrzeit der Serveranfrage<\/li>\n<\/ul>\n<p>Diese Daten sind nicht bestimmten Personen zuordenbar. Eine Zusammenf\u00fchrung dieser Daten mit anderen Datenquellen wird nicht vorgenommen. Wir behalten uns vor, diese Daten nachtr\u00e4glich zu pr\u00fcfen, wenn uns konkrete Anhaltspunkte f\u00fcr eine rechtswidrige Nutzung bekannt werden.<\/p>\n<p>Diese Speicherung erfolgt auf der Rechtsgrundlage von Art. 6 Abs. 1 lit. f) DSGVO. Unser berechtigtes Interesse liegt in der Verbesserung, Stabilit\u00e4t, Funktionalit\u00e4t und Sicherheit unseres Internetauftritts.<\/p>\n<p><strong><br \/>\nCookies<br \/>\n<\/strong><\/p>\n<p>Die Internetseiten verwenden teilweise so genannte Cookies. Cookies richten auf Ihrem Rechner keinen Schaden an und enthalten keine Viren. Cookies dienen dazu, unser Angebot nutzerfreundlicher, effektiver und sicherer zu machen. Cookies sind kleine Textdateien, die auf Ihrem Rechner abgelegt werden und die Ihr Browser speichert.<\/p>\n<p>Die meisten der von uns verwendeten Cookies sind so genannte \u201eSession-Cookies\u201c. Sie werden nach Ende Ihres Besuchs automatisch gel\u00f6scht. Andere Cookies bleiben auf Ihrem Endger\u00e4t gespeichert, bis Sie diese l\u00f6schen. Diese Cookies erm\u00f6glichen es uns, Ihren Browser beim n\u00e4chsten Besuch wiederzuerkennen.<\/p>\n<p>Sie k\u00f6nnen Ihren Browser so einstellen, dass Sie \u00fcber das Setzen von Cookies informiert werden und Cookies nur im Einzelfall erlauben, die Annahme von Cookies f\u00fcr bestimmte F\u00e4lle oder generell ausschlie\u00dfen sowie das automatische L\u00f6schen der Cookies beim Schlie\u00dfen des Browser aktivieren. Bei der Deaktivierung von Cookies kann die Funktionalit\u00e4t dieser Website eingeschr\u00e4nkt sein.<\/p>\n<p>Unser berechtigtes Interesse liegt in der Verbesserung der Funktionalit\u00e4t unseres Internetauftritts. Rechtsgrundlage ist in Art. 6 Abs. 1 lit. f) DSGVO.<\/p>\n<p><strong><br \/>\nKontaktformular<\/strong><\/p>\n<p>Wenn Sie uns per Kontaktformular Anfragen zukommen lassen, werden Ihre Angaben aus dem Anfrageformular inklusive der von Ihnen dort angegebenen Kontaktdaten zwecks Bearbeitung der Anfrage und f\u00fcr den Fall von Anschlussfragen auf den Servern des Web Hosting Providers gespeichert. Wir haben mit dem Web Hosting Providers einen entsprechenden Vertrag zur Auftragsdatenverarbeitung abgeschlossen. Diese Daten geben wir nicht ohne Ihre Einwilligung weiter.<\/p>\n<p>Rechtsgrundlage f\u00fcr diese Verarbeitung ist Art. 6 Abs. 1 lit. b) DSGVO.<\/p>\n<p><strong><br \/>\nreCAPTCHA<\/strong><\/p>\n<p>Zum Schutz ihrer Anfragen per Internetformular wird der Dienst reCAPTCHA des Unternehmens Google Inc. (Google) verwendet. Die Abfrage dient der Unterscheidung, ob die Eingabe durch einen Menschen oder missbr\u00e4uchlich durch automatisierte, maschinelle Verarbeitung erfolgt. Der Dienst schlie\u00dft den Versand Ihrer IP-Adresse und ggf. weiterer von Google f\u00fcr den Dienst reCAPTCHA ben\u00f6tigter Daten an Google ein. F\u00fcr diese Daten gelten die abweichenden Datenschutzbestimmungen des Unternehmens Google. Weitere Informationen zu Datenschutzrichtlinien von Google Captcha finden Sie unter <a href=\"https:\/\/www.google.com\/intl\/de\/policies\/privacy\/\">https:\/\/www.google.com\/intl\/de\/policies\/privacy\/<\/a>.<\/p>\n<p>Rechtsgrundlage ist Art. 6 Abs. 1 lit. f) DSGVO. Unser berechtigtes Interesse liegt in der Sicherheit unseres Internetauftritts sowie in der Abwehr unerw\u00fcnschter, automatisierter Zugriffe.<\/p>\n<p><b><br \/>\nGoogle Maps<\/b><\/p>\n<p class=\"bodytext\">Die Webseite verwendet Google Maps API, um geographische Informationen visuell darzustellen. Bei der Nutzung von Google Maps werden von Google auch Daten \u00fcber die Nutzung der Maps-Funktionen durch Besucher der Webseiten erhoben, verarbeitet und genutzt. N\u00e4here Informationen \u00fcber die Datenverarbeitung durch Google k\u00f6nnen Sie den <a class=\"external\" title=\"Opens external link in new window\" href=\"http:\/\/www.google.com\/privacypolicy.html\" target=\"_blank\" rel=\"noopener\">Datenschutzhinweisen von Google<\/a> und den <a href=\"http:\/\/www.google.com\/intl\/de_de\/help\/terms_maps.html\" target=\"_blank\" rel=\"noopener\">zus\u00e4tzlichen Nutzungsbedingungen f\u00fcr Google Maps<\/a> entnehmen.<\/p>\n<p>Die Nutzung von Google Maps erfolgt im Interesse einer ansprechenden Darstellung unserer Online-Angebote und an einer leichten Auffindbarkeit der von uns auf der Website angegebenen Orte. Dies stellt ein berechtigtes Interesse im Sinne von Art. 6 Abs. 1 lit. f DSGVO dar.<\/p>\n<p class=\"bodytext\"><strong><br \/>\nGoogle Web Fonts<\/strong><\/p>\n<p>Die Webseite nutzt zur einheitlichen Darstellung von Schriftarten so genannte Web Fonts, die von Google bereitgestellt werden. Beim Aufruf einer Seite l\u00e4dt Ihr Browser die ben\u00f6tigten Web Fonts in ihren Browsercache, um Texte und Schriftarten korrekt anzuzeigen.<\/p>\n<p>Zu diesem Zweck muss der von Ihnen verwendete Browser Verbindung zu den Servern von Google aufnehmen. Hierdurch erlangt Google Kenntnis dar\u00fcber, dass \u00fcber Ihre IP-Adresse unsere Website aufgerufen wurde. Wenn Ihr Browser Web Fonts nicht unterst\u00fctzt, wird eine Standardschrift von Ihrem Computer genutzt. Weitere Informationen zu Google Web Fonts finden Sie unter <a href=\"https:\/\/developers.google.com\/fonts\/faq\" target=\"blank\">https:\/\/developers.google.com\/fonts\/faq<\/a> und in der Datenschutzerkl\u00e4rung von Google: <a href=\"https:\/\/www.google.com\/policies\/privacy\/\" target=\"blank\">https:\/\/www.google.com\/policies\/privacy\/<\/a>.<\/p>\n<p>Die Nutzung von Google Web Fonts erfolgt im Interesse einer einheitlichen und ansprechenden Darstellung unserer Online-Angebote. Dies stellt ein berechtigtes Interesse im Sinne von Art. 6 Abs. 1 lit. f DSGVO dar.<\/p>\n<p><strong><br \/>\nCount per Day<\/strong><\/p>\n<p>Diese Webseite benutzt \u201eCount per Day\u201c, ein WordPress PlugIn, das eine statistische Analyse der Zugriffsdaten erm\u00f6glicht. Die Informationen (anonymisierte IP-Adressen, Datum ohne Uhrzeit, Browsertyp und -version, Herkunftsseite und die aktuelle Seite) werden ausschlie\u00dflich auf den Servern des Web Hosting Providers gespeichert, um die Auswertung der Nutzung der Internetpr\u00e4senz durch den Seitenbetreiber zu erm\u00f6glichen. Durch die Anonymisierung der IP-Adresse ist keinerlei R\u00fcckschluss auf Sie als Person m\u00f6glich. Zudem werden die gespeicherten Daten nicht an Dritte weitergegeben.<\/p>\n<p>Count per Day dient zur Analyse des Nutzungsverhaltens unseres Internetauftritts. Rechtsgrundlage ist Art. 6 Abs. 1 lit. f) DSGVO. Unser berechtigtes Interesse liegt in der Analyse, Optimierung und dem wirtschaftlichen Betrieb unseres Internetauftritts.<\/p>\n<p><strong><br \/>\nAuskunft, L\u00f6schung, Sperrung<\/strong><\/p>\n<p>Sie haben jederzeit das Recht auf unentgeltliche Auskunft \u00fcber Ihre gespeicherten personenbezogenen Daten, deren Herkunft und Empf\u00e4nger und den Zweck der Datenverarbeitung sowie ein Recht auf Berichtigung, Sperrung oder L\u00f6schung dieser Daten. Ihre personenbezogenen Daten werden gel\u00f6scht oder gesperrt, sobald der Zweck der Speicherung entf\u00e4llt. Eine l\u00e4ngere Speicherung kann dann erfolgen, wenn der L\u00f6schung eine gesetzliche Aufbewahrungsfrist entgegensteht. Eine Weitergabe an Dritte erfolgt nicht.<\/p>\n<p><strong><br \/>\nIhre Rechte<\/strong><\/p>\n<p align=\"LEFT\">Ihnen stehen grunds\u00e4tzlich die Rechte auf Auskunft, Berichtigung, L\u00f6schung, Einschr\u00e4nkung, Daten\u00fcbertragbarkeit, Widerruf und Widerspruch zu. Wenn Sie glauben, dass die Verarbeitung Ihrer Daten gegen das Datenschutzrecht verst\u00f6\u00dft oder Ihre datenschutzrechtlichen Anspr\u00fcche sonst in einer Weise verletzt worden sind, k\u00f6nnen Sie sich bei der Aufsichtsbeh\u00f6rde beschweren. In Deutschland sind dies die jeweiligen Landes Datenschutzbeauftragten.<\/p>\n<p align=\"LEFT\">Sie erreichen uns unter den im <a href=\"https:\/\/www.ralf-krenzke.de\/galerie-marina\/impressum\/\">Impressum<\/a> genannten Kontaktdaten<\/p>\n<p><strong><br \/>\nWiderspruch Werbe-Mails<\/strong><\/p>\n<p>Der Nutzung von im Rahmen der Impressumspflicht ver\u00f6ffentlichten Kontaktdaten zur \u00dcbersendung von nicht ausdr\u00fccklich angeforderter Werbung und Informationsmaterialien wird hiermit widersprochen. Die Betreiber der Seiten behalten sich ausdr\u00fccklich rechtliche Schritte im Falle der unverlangten Zusendung von Werbeinformationen, etwa durch Spam-E-Mails, vor.<\/p>\n","protected":false},"excerpt":{"rendered":"<p>&nbsp; Datenschutz Der Schutz Ihrer pers\u00f6nlichen Daten ist uns ein besonderes Anliegen. Wir verarbeiten Ihre Daten daher ausschlie\u00dflich auf Grundlage der gesetzlichen Bestimmungen (DSGVO, TMG). Die Nutzung unserer Webseite ist <a class=\"more-link\" href=\"https:\/\/www.ralf-krenzke.de\/galerie-marina\/datenschutzerklaerung\/\">Continue Reading \u2192<\/a><\/p>\n","protected":false},"author":1,"featured_media":0,"parent":0,"menu_order":0,"comment_status":"closed","ping_status":"closed","template":"","meta":[],"_links":{"self":[{"href":"https:\/\/www.ralf-krenzke.de\/galerie-marina\/wp-json\/wp\/v2\/pages\/174"}],"collection":[{"href":"https:\/\/www.ralf-krenzke.de\/galerie-marina\/wp-json\/wp\/v2\/pages"}],"about":[{"href":"https:\/\/www.ralf-krenzke.de\/galerie-marina\/wp-json\/wp\/v2\/types\/page"}],"author":[{"embeddable":true,"href":"https:\/\/www.ralf-krenzke.de\/galerie-marina\/wp-json\/wp\/v2\/users\/1"}],"replies":[{"embeddable":true,"href":"https:\/\/www.ralf-krenzke.de\/galerie-marina\/wp-json\/wp\/v2\/comments?post=174"}],"version-history":[{"count":7,"href":"https:\/\/www.ralf-krenzke.de\/galerie-marina\/wp-json\/wp\/v2\/pages\/174\/revisions"}],"predecessor-version":[{"id":470,"href":"https:\/\/www.ralf-krenzke.de\/galerie-marina\/wp-json\/wp\/v2\/pages\/174\/revisions\/470"}],"wp:attachment":[{"href":"https:\/\/www.ralf-krenzke.de\/galerie-marina\/wp-json\/wp\/v2\/media?parent=174"}],"curies":[{"name":"wp","href":"https:\/\/api.w.org\/{rel}","templated":true}]}}

Datenschutzerklärung

<p>&nbsp;</p>
<p><strong>Datenschutz</strong></p>
<p align="LEFT">Der Schutz Ihrer persönlichen Daten ist uns ein besonderes Anliegen. Wir verarbeiten Ihre Daten daher ausschließlich auf Grundlage der gesetzlichen Bestimmungen (DSGVO, TMG).</p>
<p>Die Nutzung unserer Webseite ist in der Regel ohne Angabe personenbezogener Daten möglich. Soweit auf unseren Seiten personenbezogene Daten (beispielsweise Name, Anschrift oder E-Mail-Adressen) erhoben werden, erfolgt dies, soweit möglich, stets auf freiwilliger Basis. Diese Daten werden ohne Ihre ausdrückliche Zustimmung nicht an Dritte weitergegeben.</p>
<p>In diesen Datenschutzinformationen informieren wir Sie über die wichtigsten Aspekte der Datenverarbeitung im Rahmen unserer Website.</p>
<p><b><br />
SSL-Verschlüsselung </b></p>
<p>Um Ihre übermittelten Daten bestmöglich zu schützen nutzen die Websitebetreiber eine SSL-Verschlüsselung. Sie erkennen derart verschlüsselte Verbindungen an dem Präfix &#8222;https://&#8220; im Seitenlink in der Adresszeile Ihres Browsers. Unverschlüsselte Seite sind durch „http://&#8220; gekennzeichnet.</p>
<p>Sämtliche Daten, welche Sie an diese Website übermitteln können dank SSL-Verschlüsselung nicht von Dritten gelesen werden.</p>
<p><strong><br />
Server-Log-Files</strong></p>
<p>Der Provider der Seiten erhebt und speichert automatisch Informationen in so genannten Server-Log Files, die Ihr Browser automatisch an uns übermittelt. Dies sind:</p>
<ul>
<li>Browsertyp/ Browserversion</li>
<li>verwendetes Betriebssystem</li>
<li>Referrer URL</li>
<li>Hostname des zugreifenden Rechners</li>
<li>Uhrzeit der Serveranfrage</li>
</ul>
<p>Diese Daten sind nicht bestimmten Personen zuordenbar. Eine Zusammenführung dieser Daten mit anderen Datenquellen wird nicht vorgenommen. Wir behalten uns vor, diese Daten nachträglich zu prüfen, wenn uns konkrete Anhaltspunkte für eine rechtswidrige Nutzung bekannt werden.</p>
<p>Diese Speicherung erfolgt auf der Rechtsgrundlage von Art. 6 Abs. 1 lit. f) DSGVO. Unser berechtigtes Interesse liegt in der Verbesserung, Stabilität, Funktionalität und Sicherheit unseres Internetauftritts.</p>
<p><strong><br />
Cookies<br />
</strong></p>
<p>Die Internetseiten verwenden teilweise so genannte Cookies. Cookies richten auf Ihrem Rechner keinen Schaden an und enthalten keine Viren. Cookies dienen dazu, unser Angebot nutzerfreundlicher, effektiver und sicherer zu machen. Cookies sind kleine Textdateien, die auf Ihrem Rechner abgelegt werden und die Ihr Browser speichert.</p>
<p>Die meisten der von uns verwendeten Cookies sind so genannte „Session-Cookies“. Sie werden nach Ende Ihres Besuchs automatisch gelöscht. Andere Cookies bleiben auf Ihrem Endgerät gespeichert, bis Sie diese löschen. Diese Cookies ermöglichen es uns, Ihren Browser beim nächsten Besuch wiederzuerkennen.</p>
<p>Sie können Ihren Browser so einstellen, dass Sie über das Setzen von Cookies informiert werden und Cookies nur im Einzelfall erlauben, die Annahme von Cookies für bestimmte Fälle oder generell ausschließen sowie das automatische Löschen der Cookies beim Schließen des Browser aktivieren. Bei der Deaktivierung von Cookies kann die Funktionalität dieser Website eingeschränkt sein.</p>
<p>Unser berechtigtes Interesse liegt in der Verbesserung der Funktionalität unseres Internetauftritts. Rechtsgrundlage ist in Art. 6 Abs. 1 lit. f) DSGVO.</p>
<p><strong><br />
Kontaktformular</strong></p>
<p>Wenn Sie uns per Kontaktformular Anfragen zukommen lassen, werden Ihre Angaben aus dem Anfrageformular inklusive der von Ihnen dort angegebenen Kontaktdaten zwecks Bearbeitung der Anfrage und für den Fall von Anschlussfragen auf den Servern des Web Hosting Providers gespeichert. Wir haben mit dem Web Hosting Providers einen entsprechenden Vertrag zur Auftragsdatenverarbeitung abgeschlossen. Diese Daten geben wir nicht ohne Ihre Einwilligung weiter.</p>
<p>Rechtsgrundlage für diese Verarbeitung ist Art. 6 Abs. 1 lit. b) DSGVO.</p>
<p><strong><br />
reCAPTCHA</strong></p>
<p>Zum Schutz ihrer Anfragen per Internetformular wird der Dienst reCAPTCHA des Unternehmens Google Inc. (Google) verwendet. Die Abfrage dient der Unterscheidung, ob die Eingabe durch einen Menschen oder missbräuchlich durch automatisierte, maschinelle Verarbeitung erfolgt. Der Dienst schließt den Versand Ihrer IP-Adresse und ggf. weiterer von Google für den Dienst reCAPTCHA benötigter Daten an Google ein. Für diese Daten gelten die abweichenden Datenschutzbestimmungen des Unternehmens Google. Weitere Informationen zu Datenschutzrichtlinien von Google Captcha finden Sie unter <a href="https://www.google.com/intl/de/policies/privacy/">https://www.google.com/intl/de/policies/privacy/</a>.</p>
<p>Rechtsgrundlage ist Art. 6 Abs. 1 lit. f) DSGVO. Unser berechtigtes Interesse liegt in der Sicherheit unseres Internetauftritts sowie in der Abwehr unerwünschter, automatisierter Zugriffe.</p>
<p><b><br />
Google Maps</b></p>
<p class="bodytext">Die Webseite verwendet Google Maps API, um geographische Informationen visuell darzustellen. Bei der Nutzung von Google Maps werden von Google auch Daten über die Nutzung der Maps-Funktionen durch Besucher der Webseiten erhoben, verarbeitet und genutzt. Nähere Informationen über die Datenverarbeitung durch Google können Sie den <a class="external" title="Opens external link in new window" href="http://www.google.com/privacypolicy.html" target="_blank" rel="noopener">Datenschutzhinweisen von Google</a> und den <a href="http://www.google.com/intl/de_de/help/terms_maps.html" target="_blank" rel="noopener">zusätzlichen Nutzungsbedingungen für Google Maps</a> entnehmen.</p>
<p>Die Nutzung von Google Maps erfolgt im Interesse einer ansprechenden Darstellung unserer Online-Angebote und an einer leichten Auffindbarkeit der von uns auf der Website angegebenen Orte. Dies stellt ein berechtigtes Interesse im Sinne von Art. 6 Abs. 1 lit. f DSGVO dar.</p>
<p class="bodytext"><strong><br />
Google Web Fonts</strong></p>
<p>Die Webseite nutzt zur einheitlichen Darstellung von Schriftarten so genannte Web Fonts, die von Google bereitgestellt werden. Beim Aufruf einer Seite lädt Ihr Browser die benötigten Web Fonts in ihren Browsercache, um Texte und Schriftarten korrekt anzuzeigen.</p>
<p>Zu diesem Zweck muss der von Ihnen verwendete Browser Verbindung zu den Servern von Google aufnehmen. Hierdurch erlangt Google Kenntnis darüber, dass über Ihre IP-Adresse unsere Website aufgerufen wurde. Wenn Ihr Browser Web Fonts nicht unterstützt, wird eine Standardschrift von Ihrem Computer genutzt. Weitere Informationen zu Google Web Fonts finden Sie unter <a href="https://developers.google.com/fonts/faq" target="blank">https://developers.google.com/fonts/faq</a> und in der Datenschutzerklärung von Google: <a href="https://www.google.com/policies/privacy/" target="blank">https://www.google.com/policies/privacy/</a>.</p>
<p>Die Nutzung von Google Web Fonts erfolgt im Interesse einer einheitlichen und ansprechenden Darstellung unserer Online-Angebote. Dies stellt ein berechtigtes Interesse im Sinne von Art. 6 Abs. 1 lit. f DSGVO dar.</p>
<p><strong><br />
Count per Day</strong></p>
<p>Diese Webseite benutzt „Count per Day“, ein WordPress PlugIn, das eine statistische Analyse der Zugriffsdaten ermöglicht. Die Informationen (anonymisierte IP-Adressen, Datum ohne Uhrzeit, Browsertyp und -version, Herkunftsseite und die aktuelle Seite) werden ausschließlich auf den Servern des Web Hosting Providers gespeichert, um die Auswertung der Nutzung der Internetpräsenz durch den Seitenbetreiber zu ermöglichen. Durch die Anonymisierung der IP-Adresse ist keinerlei Rückschluss auf Sie als Person möglich. Zudem werden die gespeicherten Daten nicht an Dritte weitergegeben.</p>
<p>Count per Day dient zur Analyse des Nutzungsverhaltens unseres Internetauftritts. Rechtsgrundlage ist Art. 6 Abs. 1 lit. f) DSGVO. Unser berechtigtes Interesse liegt in der Analyse, Optimierung und dem wirtschaftlichen Betrieb unseres Internetauftritts.</p>
<p><strong><br />
Auskunft, Löschung, Sperrung</strong></p>
<p>Sie haben jederzeit das Recht auf unentgeltliche Auskunft über Ihre gespeicherten personenbezogenen Daten, deren Herkunft und Empfänger und den Zweck der Datenverarbeitung sowie ein Recht auf Berichtigung, Sperrung oder Löschung dieser Daten. Ihre personenbezogenen Daten werden gelöscht oder gesperrt, sobald der Zweck der Speicherung entfällt. Eine längere Speicherung kann dann erfolgen, wenn der Löschung eine gesetzliche Aufbewahrungsfrist entgegensteht. Eine Weitergabe an Dritte erfolgt nicht.</p>
<p><strong><br />
Ihre Rechte</strong></p>
<p align="LEFT">Ihnen stehen grundsätzlich die Rechte auf Auskunft, Berichtigung, Löschung, Einschränkung, Datenübertragbarkeit, Widerruf und Widerspruch zu. Wenn Sie glauben, dass die Verarbeitung Ihrer Daten gegen das Datenschutzrecht verstößt oder Ihre datenschutzrechtlichen Ansprüche sonst in einer Weise verletzt worden sind, können Sie sich bei der Aufsichtsbehörde beschweren. In Deutschland sind dies die jeweiligen Landes Datenschutzbeauftragten.</p>
<p align="LEFT">Sie erreichen uns unter den im <a href="https://www.ralf-krenzke.de/galerie-marina/impressum/">Impressum</a> genannten Kontaktdaten</p>
<p><strong><br />
Widerspruch Werbe-Mails</strong></p>
<p>Der Nutzung von im Rahmen der Impressumspflicht veröffentlichten Kontaktdaten zur Übersendung von nicht ausdrücklich angeforderter Werbung und Informationsmaterialien wird hiermit widersprochen. Die Betreiber der Seiten behalten sich ausdrücklich rechtliche Schritte im Falle der unverlangten Zusendung von Werbeinformationen, etwa durch Spam-E-Mails, vor.</p>

<p>&nbsp; Datenschutz Der Schutz Ihrer persönlichen Daten ist uns ein besonderes Anliegen. Wir verarbeiten Ihre Daten daher ausschließlich auf Grundlage der gesetzlichen Bestimmungen (DSGVO, TMG). Die Nutzung unserer Webseite ist <a class="more-link" href="https://www.ralf-krenzke.de/galerie-marina/datenschutzerklaerung/">Continue Reading →</a></p>
