{"id":218,"date":"2018-04-02T22:58:09","date_gmt":"2018-04-02T21:58:09","guid":{"rendered":"https:\/\/www.ralf-krenzke.de\/kraeuterwanderung\/?page_id=218"},"modified":"2018-04-04T10:51:46","modified_gmt":"2018-04-04T09:51:46","slug":"hintergruende-bienensterben","status":"publish","type":"page","link":"https:\/\/www.ralf-krenzke.de\/kraeuterwanderung\/hintergruende-bienensterben\/","title":{"rendered":"HINTERGR\u00dcNDE ZUR KR\u00c4UTERWANDERUNG"},"content":{"rendered":"<ul id=\"menu-hintergruende\" class=\"menu\"><li id=\"menu-item-224\" class=\"menu-item menu-item-type-post_type menu-item-object-page menu-item-224\"><a href=\"https:\/\/www.ralf-krenzke.de\/kraeuterwanderung\/hintergruende-natur\/\">1. Die Natur in der unmittelbaren Region kennenlernen<\/a><\/li>\n<li id=\"menu-item-223\" class=\"menu-item menu-item-type-post_type menu-item-object-page menu-item-223\"><a href=\"https:\/\/www.ralf-krenzke.de\/kraeuterwanderung\/hintergruende-glyphosphat\/\">2. Glyphosat und die Folgen f\u00fcr Umwelt und Natur<\/a><\/li>\n<li id=\"menu-item-222\" class=\"menu-item menu-item-type-post_type menu-item-object-page menu-item-222\"><a href=\"https:\/\/www.ralf-krenzke.de\/kraeuterwanderung\/hintergruende-bienensterben\/\">3. Unsere Bienen sind bedroht<\/a><\/li>\n<\/ul>\n<p>&nbsp;<\/p>\n<p><b><strong>3. Unsere Bienen sind bedroht<\/strong><\/b><\/p>\n<p>Landwirtschaftliche\u00a0\u00dcbernutzung\u00a0darf nicht zur Zerst\u00f6rung der Pflanzenvielfalt in unserer Kulturlandschaft, auch auf den \u00c4ckern und Feldern in SLR f\u00fchren, denn sie ist reichhaltig. Die Dezimierung der vielf\u00e4ltigen Pflanzenwelt und der Einsatz von Pestiziden und Insektiziden f\u00fchren zum Insektensterben.<\/p>\n<p>Besonders bedenklich ist das Bienensterben und der R\u00fcckgang der Bienenv\u00f6lker, nicht nur in Deutschland sondern auch weltweit.<\/p>\n<p><strong>Welche Ursachen f\u00fcr ein Bienensterben gibt es?<\/strong><\/p>\n<p>Das Bienensterben hat <a href=\"http:\/\/www.bee-careful.com\/de\/initiative\/das-bienensterben-gedanken-ueber-ein-komplexes-pro\/\">vielf\u00e4ltige Ursachen<\/a>. In der Wissenschaft ist dieses Thema noch nicht abschlie\u00dfend gekl\u00e4rt, jedoch gibt es eine gewisse Einigkeit darin, dass es ein Zusammenspiel aus mehreren Faktoren ist, das zu einem vermehrten Bienensterben f\u00fchren kann:<\/p>\n<ul>\n<li>Die intensive Landwirtschaft wirkt sich auf vielf\u00e4ltige Weise negativ auf das Leben der Bienen aus. Gro\u00dffl\u00e4chige <strong>Monokulturen<\/strong> schr\u00e4nken die Biene bei ihren rund vier Kilometer gro\u00dfen Radius w\u00e4hrend der Nahrungssuche ein. Streifen mit bl\u00fchenden B\u00fcschen und B\u00e4umen wurden in den letzten Jahrzehnten immer st\u00e4rker auf Kosten noch gr\u00f6\u00dferer Felder zur\u00fcck gedr\u00e4ngt. Eine starke D\u00fcngung der Wiesen mit G\u00fclle hat zu einem R\u00fcckgang von Wildblumen gef\u00fchrt. Auch bieten Pollen und Nektar in landwirtschaftlichen genutzten Gebieten oftmals keine gleichm\u00e4\u00dfige qualitativ und quantitativ hochwertige Nahrungsgrundlage. Wenn Raps und Sonnenblumen auf den Feldern bl\u00fchen, ist das Nahrungsangebot f\u00fcr die Bienen ausreichend. Diese Bl\u00fcte dauert aber nur wenige Wochen und nicht in allen Regionen werden diese Kulturen angebaut.<\/li>\n<li>Der <strong>Einsatz von Pestiziden und Insektiziden<\/strong>, insbesondere von Neonikotinoiden (z.B. Glyphosat) schw\u00e4cht die V\u00f6lker. Die Bienen verlieren an Orientierungs- und Kommunikationsf\u00e4higkeit und k\u00f6nnen somit weniger Bl\u00fcten finden, anfliegen und entsprechend Nektar und Pollen zur\u00fcck zum Nistplatz bringen. Zudem ist auch ihr Immunsystem beeintr\u00e4chtigt.<\/li>\n<li>Eingeschleppte <strong>Viren, Krankheitserreger oder Sch\u00e4dlinge<\/strong> (Varoa-Milbe):<br \/>\nSie machen den heimischen Bienenv\u00f6lkern zu schaffen, aber R\u00fcckst\u00e4nde von Pestiziden in Bienenwaben gehen zus\u00e4tzlich einher mit einer st\u00e4rkeren Anf\u00e4lligkeit f\u00fcr Krankheitserreger und Sch\u00e4dlinge<\/li>\n<li><strong>Klimawandel<\/strong><br \/>\nIn milden Wintern hat die Varoamilbe viel Zeit sich in der Bienenbrut zu vermehren. Damit wird ihre nat\u00fcrliche Bek\u00e4mpfung (z.B. mit Ameisens\u00e4ure) schwieriger.<\/li>\n<\/ul>\n<p><strong>Was sind die Folgen des Bienensterbens?<\/strong><\/p>\n<p>Laut Experten kann ein vermehrtes Bienensterben sowohl betr\u00e4chtliche <strong>\u00f6konomische <\/strong>als auch <strong>\u00f6kologische Folgen<\/strong> haben.<\/p>\n<ul>\n<li>Folgen des Bienensterbens f\u00fcr die Natur:Fast 80 Prozent aller Nutz- und Wildpflanzen werden von der Westlichen Honigbiene best\u00e4ubt. Die restlichen 20 Prozent gehen auf das Konto von Hummeln, Fliegen, solit\u00e4ren Wildbienen und anderen Insekten. Wenn die Bienen vollst\u00e4ndig aussterben w\u00fcrden, und dazu noch andere Best\u00e4ubungsinsekten, dann ginge weltweit die\u00a0<a href=\"http:\/\/www.bee-careful.com\/de\/fruchtvielfalt\/der-fruchtertrag-durch-die-biene\/\">Ernte<\/a>\u00a0massiv zur\u00fcck. Bienen haben also einen gro\u00dfen\u00a0<a href=\"http:\/\/www.bee-careful.com\/de\/initiative\/der-einfluss-von-bienen-auf-unsere-taegliche-ernae\/\">Einfluss auf unsere Ern\u00e4hrung<\/a>. Ohne ihre Best\u00e4ubungsarbeit m\u00fcsste der Mensch auf etwa ein Drittel der Nutzpflanzen in seiner Ern\u00e4hrung verzichten, vor allem bei Obst und Gem\u00fcse w\u00e4ren die R\u00fcckg\u00e4nge stark. Was bleiben w\u00fcrde, w\u00e4ren z.B. Kartoffeln, Mais und Getreide. Fehlen aber gerade diese gesunden Elemente in unserer Ern\u00e4hrung, m\u00fcsste man \u2013 drastisch gesehen \u2013 auch mit vermehrten Krankheitsf\u00e4llen in der Menschheit rechnen. Abgesehen davon ist sicher, dass es ohne Bienen kaum Artenvielfalt mehr g\u00e4be, weder auf unseren Tellern noch in unseren G\u00e4rten in Form von bunten und duftenden Bl\u00fcten.<\/li>\n<li>Folgen f\u00fcr die Wirtschaft:\u00a0<strong><br \/>\n<\/strong>Bienen sind ein gigantischer Wirtschaftsfaktor und die wichtigsten Arbeitskr\u00e4fte in der Landwirtschaft. Weltweit sorgen sie mit ihrer Best\u00e4ubungsleistung f\u00fcr eine Wertsch\u00f6pfung von etwa 200 Milliarden Euro pro Jahr, hat das Labor f\u00fcr theoretische und angewandte Wirtschaft des wissenschaftlichen Forschungszentrums\u00a0<a href=\"http:\/\/www.cnrs.fr\/\">CNRS<\/a>\u00a0in Montpellier ermittelt.<\/li>\n<\/ul>\n<p>Ohne Bienen g\u00e4be es also nicht nur keinen Honig, auch Obst und Gem\u00fcse w\u00fcrden zu Luxusg\u00fctern. Wenn es nicht gelingt, die Bienenbest\u00e4nde zu halten, h\u00e4tte dies nach Ansicht von Forschern fatale Folgen f\u00fcr den Menschen.<\/p>\n","protected":false},"excerpt":{"rendered":"<p>&nbsp; 3. Unsere Bienen sind bedroht Landwirtschaftliche\u00a0\u00dcbernutzung\u00a0darf nicht zur Zerst\u00f6rung der Pflanzenvielfalt in unserer Kulturlandschaft, auch auf den \u00c4ckern und Feldern in SLR f\u00fchren, denn sie ist reichhaltig. Die Dezimierung der vielf\u00e4ltigen Pflanzenwelt und der Einsatz von Pestiziden und Insektiziden f\u00fchren zum Insektensterben. Besonders bedenklich ist das Bienensterben und der R\u00fcckgang der Bienenv\u00f6lker, nicht nur &hellip; <\/p>\n<p class=\"link-more\"><a href=\"https:\/\/www.ralf-krenzke.de\/kraeuterwanderung\/hintergruende-bienensterben\/\" class=\"more-link\"><span class=\"screen-reader-text\">\u201eHINTERGR\u00dcNDE ZUR KR\u00c4UTERWANDERUNG\u201c <\/span>weiterlesen<\/a><\/p>\n","protected":false},"author":1,"featured_media":0,"parent":0,"menu_order":0,"comment_status":"closed","ping_status":"closed","template":"","meta":{"footnotes":""},"class_list":["post-218","page","type-page","status-publish","hentry"],"_links":{"self":[{"href":"https:\/\/www.ralf-krenzke.de\/kraeuterwanderung\/wp-json\/wp\/v2\/pages\/218","targetHints":{"allow":["GET"]}}],"collection":[{"href":"https:\/\/www.ralf-krenzke.de\/kraeuterwanderung\/wp-json\/wp\/v2\/pages"}],"about":[{"href":"https:\/\/www.ralf-krenzke.de\/kraeuterwanderung\/wp-json\/wp\/v2\/types\/page"}],"author":[{"embeddable":true,"href":"https:\/\/www.ralf-krenzke.de\/kraeuterwanderung\/wp-json\/wp\/v2\/users\/1"}],"replies":[{"embeddable":true,"href":"https:\/\/www.ralf-krenzke.de\/kraeuterwanderung\/wp-json\/wp\/v2\/comments?post=218"}],"version-history":[{"count":7,"href":"https:\/\/www.ralf-krenzke.de\/kraeuterwanderung\/wp-json\/wp\/v2\/pages\/218\/revisions"}],"predecessor-version":[{"id":232,"href":"https:\/\/www.ralf-krenzke.de\/kraeuterwanderung\/wp-json\/wp\/v2\/pages\/218\/revisions\/232"}],"wp:attachment":[{"href":"https:\/\/www.ralf-krenzke.de\/kraeuterwanderung\/wp-json\/wp\/v2\/media?parent=218"}],"curies":[{"name":"wp","href":"https:\/\/api.w.org\/{rel}","templated":true}]}}

HINTERGRÜNDE ZUR KRÄUTERWANDERUNG

<ul id="menu-hintergruende" class="menu"><li id="menu-item-224" class="menu-item menu-item-type-post_type menu-item-object-page menu-item-224"><a href="https://www.ralf-krenzke.de/kraeuterwanderung/hintergruende-natur/">1. Die Natur in der unmittelbaren Region kennenlernen</a></li>
<li id="menu-item-223" class="menu-item menu-item-type-post_type menu-item-object-page menu-item-223"><a href="https://www.ralf-krenzke.de/kraeuterwanderung/hintergruende-glyphosphat/">2. Glyphosat und die Folgen für Umwelt und Natur</a></li>
<li id="menu-item-222" class="menu-item menu-item-type-post_type menu-item-object-page menu-item-222"><a href="https://www.ralf-krenzke.de/kraeuterwanderung/hintergruende-bienensterben/">3. Unsere Bienen sind bedroht</a></li>
</ul>
<p>&nbsp;</p>
<p><b><strong>3. Unsere Bienen sind bedroht</strong></b></p>
<p>Landwirtschaftliche Übernutzung darf nicht zur Zerstörung der Pflanzenvielfalt in unserer Kulturlandschaft, auch auf den Äckern und Feldern in SLR führen, denn sie ist reichhaltig. Die Dezimierung der vielfältigen Pflanzenwelt und der Einsatz von Pestiziden und Insektiziden führen zum Insektensterben.</p>
<p>Besonders bedenklich ist das Bienensterben und der Rückgang der Bienenvölker, nicht nur in Deutschland sondern auch weltweit.</p>
<p><strong>Welche Ursachen für ein Bienensterben gibt es?</strong></p>
<p>Das Bienensterben hat <a href="http://www.bee-careful.com/de/initiative/das-bienensterben-gedanken-ueber-ein-komplexes-pro/">vielfältige Ursachen</a>. In der Wissenschaft ist dieses Thema noch nicht abschließend geklärt, jedoch gibt es eine gewisse Einigkeit darin, dass es ein Zusammenspiel aus mehreren Faktoren ist, das zu einem vermehrten Bienensterben führen kann:</p>
<ul>
<li>Die intensive Landwirtschaft wirkt sich auf vielfältige Weise negativ auf das Leben der Bienen aus. Großflächige <strong>Monokulturen</strong> schränken die Biene bei ihren rund vier Kilometer großen Radius während der Nahrungssuche ein. Streifen mit blühenden Büschen und Bäumen wurden in den letzten Jahrzehnten immer stärker auf Kosten noch größerer Felder zurück gedrängt. Eine starke Düngung der Wiesen mit Gülle hat zu einem Rückgang von Wildblumen geführt. Auch bieten Pollen und Nektar in landwirtschaftlichen genutzten Gebieten oftmals keine gleichmäßige qualitativ und quantitativ hochwertige Nahrungsgrundlage. Wenn Raps und Sonnenblumen auf den Feldern blühen, ist das Nahrungsangebot für die Bienen ausreichend. Diese Blüte dauert aber nur wenige Wochen und nicht in allen Regionen werden diese Kulturen angebaut.</li>
<li>Der <strong>Einsatz von Pestiziden und Insektiziden</strong>, insbesondere von Neonikotinoiden (z.B. Glyphosat) schwächt die Völker. Die Bienen verlieren an Orientierungs- und Kommunikationsfähigkeit und können somit weniger Blüten finden, anfliegen und entsprechend Nektar und Pollen zurück zum Nistplatz bringen. Zudem ist auch ihr Immunsystem beeinträchtigt.</li>
<li>Eingeschleppte <strong>Viren, Krankheitserreger oder Schädlinge</strong> (Varoa-Milbe):<br />
Sie machen den heimischen Bienenvölkern zu schaffen, aber Rückstände von Pestiziden in Bienenwaben gehen zusätzlich einher mit einer stärkeren Anfälligkeit für Krankheitserreger und Schädlinge</li>
<li><strong>Klimawandel</strong><br />
In milden Wintern hat die Varoamilbe viel Zeit sich in der Bienenbrut zu vermehren. Damit wird ihre natürliche Bekämpfung (z.B. mit Ameisensäure) schwieriger.</li>
</ul>
<p><strong>Was sind die Folgen des Bienensterbens?</strong></p>
<p>Laut Experten kann ein vermehrtes Bienensterben sowohl beträchtliche <strong>ökonomische </strong>als auch <strong>ökologische Folgen</strong> haben.</p>
<ul>
<li>Folgen des Bienensterbens für die Natur:Fast 80 Prozent aller Nutz- und Wildpflanzen werden von der Westlichen Honigbiene bestäubt. Die restlichen 20 Prozent gehen auf das Konto von Hummeln, Fliegen, solitären Wildbienen und anderen Insekten. Wenn die Bienen vollständig aussterben würden, und dazu noch andere Bestäubungsinsekten, dann ginge weltweit die <a href="http://www.bee-careful.com/de/fruchtvielfalt/der-fruchtertrag-durch-die-biene/">Ernte</a> massiv zurück. Bienen haben also einen großen <a href="http://www.bee-careful.com/de/initiative/der-einfluss-von-bienen-auf-unsere-taegliche-ernae/">Einfluss auf unsere Ernährung</a>. Ohne ihre Bestäubungsarbeit müsste der Mensch auf etwa ein Drittel der Nutzpflanzen in seiner Ernährung verzichten, vor allem bei Obst und Gemüse wären die Rückgänge stark. Was bleiben würde, wären z.B. Kartoffeln, Mais und Getreide. Fehlen aber gerade diese gesunden Elemente in unserer Ernährung, müsste man – drastisch gesehen – auch mit vermehrten Krankheitsfällen in der Menschheit rechnen. Abgesehen davon ist sicher, dass es ohne Bienen kaum Artenvielfalt mehr gäbe, weder auf unseren Tellern noch in unseren Gärten in Form von bunten und duftenden Blüten.</li>
<li>Folgen für die Wirtschaft: <strong><br />
</strong>Bienen sind ein gigantischer Wirtschaftsfaktor und die wichtigsten Arbeitskräfte in der Landwirtschaft. Weltweit sorgen sie mit ihrer Bestäubungsleistung für eine Wertschöpfung von etwa 200 Milliarden Euro pro Jahr, hat das Labor für theoretische und angewandte Wirtschaft des wissenschaftlichen Forschungszentrums <a href="http://www.cnrs.fr/">CNRS</a> in Montpellier ermittelt.</li>
</ul>
<p>Ohne Bienen gäbe es also nicht nur keinen Honig, auch Obst und Gemüse würden zu Luxusgütern. Wenn es nicht gelingt, die Bienenbestände zu halten, hätte dies nach Ansicht von Forschern fatale Folgen für den Menschen.</p>

<p>&nbsp; 3. Unsere Bienen sind bedroht Landwirtschaftliche Übernutzung darf nicht zur Zerstörung der Pflanzenvielfalt in unserer Kulturlandschaft, auch auf den Äckern und Feldern in SLR führen, denn sie ist reichhaltig. Die Dezimierung der vielfältigen Pflanzenwelt und der Einsatz von Pestiziden und Insektiziden führen zum Insektensterben. Besonders bedenklich ist das Bienensterben und der Rückgang der Bienenvölker, nicht nur &hellip; </p>
<p class="link-more"><a href="https://www.ralf-krenzke.de/kraeuterwanderung/hintergruende-bienensterben/" class="more-link"><span class="screen-reader-text">„HINTERGRÜNDE ZUR KRÄUTERWANDERUNG“ </span>weiterlesen</a></p>
